by 3.
1
Calculate the remainder when 1060 is divided by 330.
70
What is the remainder when 116421 is divided by 231?
228
Calculate the remainder when 29138 is divided by 2641.
87
Calculate the remainder when 7895 is divided by 1969.
19
Calculate the remainder when 1819284 is divided by 66.
60
Calculate the remainder when 6133 is divided by 1220.
33
What is the remainder when 362157 is divided by 169?
159
What is the remainder when 91176 is divided by 35?
1
What is the remainder when 56445 is divided by 159?
0
What is the remainder when 11871 is divided by 1316?
27
Calculate the remainder when 8639 is divided by 463.
305
Calculate the remainder when 99933 is divided by 9984.
93
What is the remainder when 246377 is divided by 11?
10
What is the remainder when 22361 is divided by 1862?
17
Calculate the remainder when 221292 is divided by 73761.
9
What is the remainder when 8127647 is divided by 50?
47
Calculate the remainder when 25676 is divided by 8452.
320
Calculate the remainder when 61584 is divided by 4733.
55
Calculate the remainder when 9305 is divided by 315.
170
Calculate the remainder when 70049 is divided by 221.
213
What is the remainder when 32940 is divided by 397?
386
What is the remainder when 80687 is divided by 55?
2
What is the remainder when 8467 is divided by 33?
19
Calculate the remainder when 4918 is divided by 2451.
16
Calculate the remainder when 25110 is divided by 16.
6
Calculate the remainder when 10826 is divided by 624.
218
Calculate the remainder when 16865 is divided by 890.
845
What is the remainder when 5862 is divided by 82?
40
What is the remainder when 73784 is divided by 258?
254
Calculate the remainder when 16870 is divided by 61.
34
What is the remainder when 140387 is divided by 14?
9
What is the remainder when 4992 is divided by 8?
0
What is the remainder when 2859 is divided by 107?
77
Calculate the remainder when 152924 is divided by 16.
12
Calculate the remainder when 543166 is divided by 9.
7
Calculate the remainder when 45284 is divided by 59.
31
What is the remainder when 14584 is divided by 561?
559
What is the remainder when 77975 is divided by 12?
11
Calculate the remainder when 15065 is divided by 1708.
1401
Calculate the remainder when 5119 is divided by 26.
23
What is the remainder when 809 is divided by 405?
404
What is the remainder when 1999097 is divided by 1031?
1019
Calculate the remainder when 327 is divided by 1.
0
Calculate the remainder when 149125 is divided by 74494.
137
Calculate the remainder when 1615 is divided by 72.
31
Calculate the remainder when 54407 is divided by 52.
15
Calculate the remainder when 728497 is divided by 68.
13
What is the remainder when 86317 is divided by 10?
7
What is the remainder when 5921 is divided by 126?
125
Calculate the remainder when 46850 is divided by 109.
89
Calculate the remainder when 3877 is divided by 182.
55
What is the remainder when 34187 is divided by 148?
147
Calculate the remainder when 663 is divided by 622.
41
Calculate the remainder when 1465 is divided by 325.
165
Calculate the remainder when 10881 is divided by 227.
212
What is the remainder when 18444 is divided by 67?
19
What is the remainder when 18034 is divided by 1803?
4
Calculate the remainder when 2461 is divided by 397.
79
What is the remainder when 13879 is divided by 260?
99
What is the remainder when 1689 is divided by 409?
53
Calculate the remainder when 2600 is divided by 386.
284
What is the remainder when 34983 is divided by 1581?
201
What is the remainder when 2227 is divided by 1383?
844
What is the remainder when 9083 is divided by 157?
134
What is the remainder when 739983 is divided by 67270?
13
What is the remainder when 1745 is divided by 341?
40
What is the remainder when 299278 is divided by 48?
46
Calculate the remainder when 43261 is divided by 195.
166
Calculate the remainder when 8285 is divided by 1558.
495
What is the remainder when 684 is divided by 6?
0
What is the remainder when 1678 is divided by 26?
14
Calculate the remainder when 1017391 is divided by 101738.
11
Calculate the remainder when 410028 is divided by 87.
84
What is the remainder when 7177 is divided by 276?
1
Calculate the remainder when 7765 is divided by 8.
5
What is the remainder when 599861 is divided by 51?
50
Calculate the remainder when 60679 is divided by 537.
535
Calculate the remainder when 2055 is divided by 116.
83
What is the remainder when 104784 is divided by 35?
29
Calculate the remainder when 8582 is divided by 46.
26
Calculate the remainder when 13804 is divided by 450.
304
What is the remainder when 2823 is divided by 728?
639
Calculate the remainder when 2812 is divided by 275.
62
Calculate the remainder when 7591 is divided by 2520.
31
What is the remainder when 208011 is divided by 34664?
27
Calculate the remainder when 28532 is divided by 95.
32
What is the remainder when 2244 is divided by 39?
21
What is the remainder when 51431 is divided by 185?
1
What is the remainder when 7829 is divided by 1948?
37
What is the remainder when 6373 is divided by 298?
115
Calculate the remainder when 16024 is divided by 771.
604
Calculate the remainder when 8025 is divided by 68.
1
What is the remainder when 314771 is divided by 145?
121
Calculate the remainder when 5795 is divided by 1345.
415
What is the remainder when 40887 is divided by 13623?
18
Calculate the remainder when 71202 is divided by 5083.
40
What is the remainder when 20806 is divided by 651?
625
What is the remainder when 1215 is divided by 38?
37
What is the remainder when 3383 is divided by 86?
29
Calculate the remainder when 387951 is divided by 20418.
9
Calculate the remainder when 8368 is divided by 440.
8
Calculate the remainder when 2110 is divided by 891.
328
Calculate the remainder when 1546 is divided by 433.
247
What is the remainder when 1346 is divided by 50?
46
What is the remainder when 1707973 is divided by 225?
223
Calculate the remainder when 3829 is divided by 3454.
375
What is the remainder when 32274 is divided by 3584?
18
Calculate the remainder when 1777126 is divided by 6.
4
Calculate the remainder when 863 is divided by 269.
56
What is the remainder when 652 is divided by 134?
116
Calculate the remainder when 1945 is divided by 242.
9
What is the remainder when 41816 is divided by 164?
160
Calculate the remainder when 70581 is divided by 660.
621
What is the remainder when 7199 is divided by 27?
17
Calculate the remainder when 1026527 is divided by 16.
15
What is the remainder when 85179 is divided by 17?
9
What is the remainder when 39816 is divided by 69?
3
What is the remainder when 533108 is divided by 177?
161
Calculate the remainder when 20141 is divided by 569.
226
Calculate the remainder when 10954 is divided by 10924.
30
What is the remainder when 51887 is divided by 8?
7
What is the remainder when 387726 is divided by 1636?
1630
Calculate the remainder when 5915 is divided by 5383.
532
Calculate the remainder when 1024 is divided by 58.
38
Calculate the remainder when 240295 is divided by 48057.
10
Calculate the remainder when 4321 is divided by 527.
105
What is the remainder when 189562 is divided by 63183?
13
Calculate the remainder when 62086 is divided by 586.
556
Calculate the remainder when 4911 is divided by 4.
3
What is the remainder when 4097 is divided by 144?
65
Calculate the remainder when 27896 is divided by 27719.
177
Calculate the remainder when 10235 is divided by 10228.
7
What is the remainder when 4951104 is divided by 63?
60
Calculate the remainder when 70285 is divided by 17564.
29
Calculate the remainder when 3640 is divided by 78.
52
What is the remainder when 47742 is divided by 884?
6
What is the remainder when 105782 is divided by 874?
28
Calculate the remainder when 3817 is divided by 5.
2
What is the remainder when 8925 is divided by 231?
147
Calculate the remainder when 4382487 is divided by 44.
43
Calculate the remainder when 46101 is divided by 259.
258
Calculate the remainder when 10740 is divided by 170.
30
What is the remainder when 6161 is divided by 1538?
9
What is the remainder when 4142 is divided by 1377?
11
Calculate the remainder when 1229222 is divided by 24.
14
Calculate the remainder when 19285 is divided by 4818.
13
What 